-9 + 33. Let m(i) = i + 10. Let a be m(s). Let r be a/(5/(15/6)). Let o(z) = -z**3 + 2*z**2 + 2*z + 1. Give o(r).
5
Suppose -13*t + 9*t = -z + 12, -12 = 4*t - 3*z. Let o(n) = 5*n + 7. Give o(t).
-8
Let p(y) be the third derivative of y**4/24 + 19*y**2. Let i(a) = -12*a - 1. Let d(q) = -i(q) - 5*p(q). Let c be ((-1)/(-1) + -2)*1. Calculate d(c).
-6
Let u(p) = -p**3 + 6*p**2 - p + 4. Let t be u(6). Let k(m) = 2*m**2 - 2*m - 3*m**2 + 136 - 137. Let i be k(t). Let a(c) = 9*c**2. What is a(i)?
9
Suppose 15 = -56*v + 61*v. Let c be 4/14 - (-5)/7. Let k(n) = n**3 - 4*n**2 + 2*n + 3. Let s(l) = l**2. Let h(z) = c*k(z) - s(z). Give h(v).
-9
Suppose -2*h + 8 = -0*h. Let w(q) = 5 + 14*q + h - 10. Let g be (-4 - -3)*(0 + -1). Calculate w(g).
13
Let h(u) = u - 6. Let n(c) = 2. Let q(a) = -4*h(a) - 11*n(a). What is q(-3)?
14
Let i(f) = 2*f - 15. Let r = -198 + 205. Give i(r).
-1
Suppose 3*p - 6 = 5*h, -3*p + 2*h = p - 8. Let z(c) = -3 + p - 3*c - 2*c. Suppose -u + 2 = -t, -3 = -4*t + 7*t. Determine z(u).
-6
Let z(f) = -f**2 + 10*f + 15. Let j be (5/(-15)*-3)/((-1)/(-11)). Give z(j).
4
Let t(s) be the third derivative of 1/2*s**3 + 11/24*s**4 + 0*s + 1/60*s**5 + 0 - 6*s**2. Calculate t(-9).
-15
Let c = -11/37 + 103/222. Let j(s) be the second derivative of 15*s - s**2 + c*s**3 + 0. What is j(-2)?
-4
Let n(f) = f + 10. Suppose 73 + 11 = 7*x. Let h be 2 - (x/(-4) + 3). Let w(r) = -r + 2. Let p be w(h). What is n(p)?
10
Let s(l) = -2*l**3 - 2*l**2 + l. Let b(u) = 2*u**3 - 8*u**2 + 11*u - 1. Let g(i) = -i**3 + i**2 + i. Let t(y) = -b(y) - 3*g(y). Let o be t(-7). What is s(o)?
-3
Let s(f) = -25*f - 30. Let n(w) = -18*w - 20. Let t(a) = 7*n(a) - 5*s(a). Determine t(6).
4
Suppose -s + 12 = -m - m, 3*s - 1 = -m. Suppose -2 = -2*l + x, 1 = -3*l + x + 5. Let v(c) = 0*c + 4 - 2 - 5*c + 4 - c**3 - 6*c**l. Determine v(m).
6
Let b(x) be the third derivative of x**4/24 + 2*x**3 - 6*x**2. Let a be b(-11). Let l(f) = -3*f + 2*f + 4*f. What is l(a)?
3
Suppose 2*j = 5*j - 15. Suppose -5*r - z + 11 = 0, -5*z + 5 = j*r - 10. Let g(y) = -2 + y**r - y**2 - 2*y + y - y**2. What is g(-2)?
-4
Let k(y) = -29*y - 67. Let f be k(-2). Let j(g) = -g**2 - 9*g + 2. What is j(f)?
2
Let z(f) = f**3 + 6*f**2 - 6*f + 8. Let g(a) = a**3 + 20*a**2 - 46*a - 51. Let x be g(-22). Give z(x).
1
Let i(m) be the third derivative of -m**5/60 - m**4/3 + 7*m**3/6 + 43*m**2 - 2*m. Let u be (-12)/((-5)/(10/(-3))). Give i(u).
7
Let q(s) = 24*s + 32*s - 12 - 63*s - s**2. What is q(-8)?
-20
Let h(v) be the third derivative of -v**5/60 + v**4/12 + 5*v**3/6 - 55*v**2 + 2*v. What is h(3)?
2
Let u = 207 + -206. Let k(j) = 11*j**3 + 2*j**2 + 2*j + 3. Let z(p) = -21*p**3 - 4*p**2 - 5*p - 7. Let x(h) = 7*k(h) + 3*z(h). Determine x(u).
15
Suppose -6 = -5*h + 2*l - 5, h = -4*l + 9. Let a(p) = -6*p - 1. Give a(h).
-7
Let r = 8 - 14. Let s be (2/r)/((-3)/18). Suppose 4 = 5*x + f, s*f - 8 = -3*x - 0*f. Let z(k) = -k**3 + k + 5. What is z(x)?
5
Suppose -6385 + 6445 = -6*k. Let z(b) = -3*b - 24. Calculate z(k).
6
Let z(p) = p**3 + 3*p**2 + 3. Let o be z(-3). Let g(n) = -4*n**o + 3*n**3 + 6 - 4 + 4*n**2. Let y be (-8)/(56/(-35)) - 1. Calculate g(y).
2
Let i(p) = -10*p**2 + 24*p - 4. Let t(w) = 21*w**2 - 40*w + 7. Let a(x) = 5*i(x) + 3*t(x). What is a(1)?
14
Suppose c = -5*k + 7, 4*c - 6*k = -2*k + 100. Suppose -1 + 7 = 3*w. Suppose c = 4*j - w*d, -3*j = -0*d + 4*d - 22. Let h(t) = t**3 - 6*t**2 + 5. Calculate h(j).
5
Let b(d) = -d**3 + 8*d**2 - 8*d + 9. Suppose -2*w = -3*w + 7. Let i be b(w). Let m(j) = 0*j + 3*j**3 - 2*j**2 + 3*j**3 - 1 + 0*j**2 - i*j. Calculate m(-1).
-7
Let q(o) = o**3 + 2*o**2 + o - 2. Suppose 0 = 3*l + 42 + 42. Let y be (-6)/4 - (-14)/l. Determine q(y).
-4
Let q be 3/((-4)/(-4*1)). Let x(a) = -4 + q - 2 + a + 6. Suppose f - 3*z - 3 = -15, -3*f - z + 4 = 0. Calculate x(f).
3
Let s(z) = z**3 + z**2 - z + 1. Let k be s(0). Let l be (-3 - 0/k)*-1. Let x(d) = -4 - 8*d**2 + 6 - 3*d + 9*d**2. Give x(l).
2
Let o(d) be the second derivative of -d + 0 - 7/6*d**3 - 3/2*d**2. Determine o(-2).
11
Let d(w) be the third derivative of -w**6/120 + 3*w**5/20 + 3*w**4/8 + 2*w**3/3 - 2*w**2. Let m be d(10). Let z(l) = -l**2 - 6*l - 4. Determine z(m).
-4
Suppose 5*w = d - 18, 0*w - 2*w - 8 = 0. Let h be 56/(-42)*3/d. Let q(j) = -j + 3*j**2 + j + 2 - 4*j**h - j. Determine q(2).
-4
Let g(v) = -4*v**3 - 2*v**2 - 2*v - 1. Let s be g(-1). Let c(a) be the second derivative of a**4/6 - a**3/6 + 2*a**2 + 302*a - 1. Determine c(s).
19
Let i = 85 + -67. Let m be 2*((i/(-4))/(-9) - -1). Let o(z) = -z**3 + 5*z**2 - 3*z - 3. Give o(m).
6
Let l be ((-850)/(-120) - 7)*2. Let f(t) be the third derivative of -9*t**2 - t**3 - l*t**4 + 0 + 0*t. What is f(-4)?
10
Let v = -490 - -484. Let n(m) be the second derivative of -1/2*m**4 - 1/20*m**5 + 0 - m**2 + m + 1/6*m**3. Determine n(v).
-8
Let n(u) = -5*u**3 - 9*u**2 + 4. Let z(a) = 14*a**3 + 26*a**2 + a - 11. Suppose 9*r - 13*r = -16. Let h(p) = r*z(p) + 11*n(p). Give h(-4).
0
Let p(f) = 7*f**3 - 11*f**2 + 19*f + 6. Let b(z) = 4*z**3 - 5*z**2 + 10*z + 2. Let u(d) = 5*b(d) - 3*p(d). What is u(6)?
22
Suppose -3*b - 2*w + 4*w + 36 = 0, 29 = b + 5*w. Suppose 0*r + 7*r = -b. Let y(n) = -2*n**2 - 4*n - 2. Determine y(r).
-2
Suppose 14 = -r - 13*r. Let c(u) = 25*u. What is c(r)?
-25
Let v be 4/14 - 60/(-35). Let a(n) = -1 - 3 + 1 - n - n**v + 4. Let w be a(-3). Let i(t) = -t + 2. Determine i(w).
7
Let u(p) = p**2 + 6*p + 2. Let q be u(-6). Let w(x) be the first derivative of x**2 + x + 6. Let n(b) = -b - 1. Let i(f) = 2*n(f) + 2*w(f). Calculate i(q).
4
Let g(n) = -2*n**2 - 4*n + 1. Let z be 4*((-216)/160 + 9/15). Give g(z).
-5
Let t(j) = j + 10. Let x(s) = -159*s - 1104. Let f be x(-7). Calculate t(f).
19
Let q = -35 - -37. Let b(p) = q*p + 4 + 0*p + 4*p**3 - 8*p**3 - 3. Give b(-1).
3
Let x = -49 + 85. Let r(g) = -x*g**2 - 2 + 4 + 35*g**2. What is r(2)?
-2
Suppose 2*u = 5*g + 19, g = u - 4 - 1. Let t(v) = -34*v**2 + 0 - 2 + 35*v**2 + u*v. Calculate t(2).
6
Let p(q) = 2*q + 37. Let n be p(12). Let s = n - 64. Let t(j) = 6*j - 1. Calculate t(s).
-19
Suppose 3*r - 3 = -3*c + c, -c - 1 = -r. Let q be -1 + 3 + r - -18. Let g = 28 - q. Let s(x) = x**2 - 7*x - 3. Determine s(g).
-3
Let x(m) = -30*m**3 + 11*m**2 - 11*m + 3. Let i(z) = 4*z - 1 + 30*z**3 - 4*z**2 + 32*z**3 - 52*z**3. Let c(g) = -11*i(g) - 4*x(g). Give c(-1).
-11
Let f = -5 + 10. Suppose -f*y - 5*d + 41 = -4, 3*y + 2*d = 23. Let z(p) = -1 + 5*p + 8 + p - y*p. Give z(-5).
2
Let t(u) = 4*u**2 + 3*u + 1. Let c be t(-2). Let d(m) = m**2 + 5*m - 6. Let o(b) = -6*b**2 - 24*b + 29. Let r(z) = c*d(z) + 2*o(z). Calculate r(6).
-2
Suppose -s - l + 6 = 0, 4*s - 13 - 14 = -5*l. Suppose 0 = 2*y + m + 1, -s*y + m = -m - 16. Let x(q) = -q + 1. Determine x(y).
-1
Let d(b) = b**3 - 2*b**2 + b + 49. Let p = -963 + 963. Determine d(p).
49
Let b(x) be the first derivative of -x**3/6 + 3*x**2/2 - 21*x + 12. Let i(o) be the first derivative of b(o). Determine i(-4).
7
Let a(y) be the first derivative of 7*y**4/4 + y**3 - 2*y**2 - 3*y + 8. Let h(l) = 4*l**3 + 2*l**2 - 2*l - 2. Let k(s) = -3*a(s) + 5*h(s). Determine k(-2).
7
Suppose -c = -5*s + 18 - 5, 10 = 2*c + 2*s. Let b(t) = -4*t - 4*t + 51*t**2 + 5 - 50*t**c. What is b(8)?
5
Let c(h) = -19 + 0*h - 15 + 4*h + 39. Calculate c(6).
29
Let v(s) be the second derivative of -s**3/6 - 31*s + 1. What is v(0)?
0
Let t(o) = o - o**3 + 0*o - 6*o**2 + 3 + 2. Let h = 2714 + -2720. Give t(h).
-1
Let i(a) = 3*a**3 + a - 1. Let p be i(1). Suppose -23 = p*w - 8. Let n = 11 + w. Let c(l) = l - 5. What is c(n)?
1
Let b(h) = -h - 5. Let n(k) = 6*k - 9 + 4 - 2*k - 5*k. Let u(f) = 7*b(f) - 6*n(f). Calculate u(-4).
-1
Let d(k) = -k**3 - 2*k**2 + k + 3. Let b = 1118 + -1121. Calculate d(b).
9
Let t(v) be the first derivative of v**3/3 + v**2/2 + 3*v - 8691. Let c = 1 - 1. Determine t(c).
3
Let i(z) = 4*z**2 - 4*z + 3. Let f = 71 - 69. Determine i(f).
11
Let z(o) = 5*o**3 + 6*o**2 + o + 1. Let g(b) = 16*b**3 + 16*b**2 + 3*b + 3. Let f(r) = 3*g(r) - 8*z(r). Give f(-1).
-8
Let t(x) = 2*x - 6. Let n be t(4). Suppose -n*v - 11 = -5. Let h(y) be the second derivative of y**4/6 + 5*y**3/6 + y**2 + 3*y - 798. Give h(v).
5
Let t(k) be the second derivative of -k**5/120 - k**4/12 + k**3/3 - 19*k. Let a(b) be the second derivative of t(b). Determ